) + k(h). Determine l(r).
-9
Let w(l) = -11*l**2 + 9*l**2 + 3 + 3*l - l. Give w(-2).
-9
Let p(z) be the third derivative of 0 + 1/60*z**5 + 9*z**2 + 1/3*z**3 + 0*z + 5/24*z**4. Suppose n + 24 = -3*n. Give p(n).
8
Let g be 1 + (-10)/(-3)*12. Let z(o) = -4*o**3 + 33*o**2 - 7*o - 8. Let x be z(8). Let q(d) = x*d**2 + 38 - g - d - d**2. What is q(0)?
-3
Let n(g) = -3*g + 3. Let y(m) = -m**3 - 2*m**2 + 8*m + 3. Let u be 528/(-120) + 4/10. Let d be y(u). What is n(d)?
-6
Let b = -10895 + 10901. Let x(j) = -8*j + 3*j - 2 - 1 + j**2. Calculate x(b).
3
Let d(o) = -3*o - 8. Let h be d(-8). Let s = -22 + h. Let x(z) be the first derivative of z**2/2 + 4*z - 80. What is x(s)?
-2
Let x(o) = o**2 + 11*o + 1. Let y be x(-11). Let l(q) be the first derivative of 23*q**2/2 - q + 45. Calculate l(y).
22
Let s(g) = g**3 + 5*g**2 + 7*g + 6. Let h = -103 + 68. Let w = 35 + h. Suppose w = -4*f - 1 - 15. What is s(f)?
-6
Let q(y) be the second derivative of y**3/6 + 7*y**2/2 - 51*y. Let p = 5 - 9. Let w(t) = 2*t + 5. Let f be w(p). What is q(f)?
4
Let w(f) = 36*f**3 + 7*f**2 - 5*f - 6. Let k(x) = -13*x**3 - 2*x**2 + 2*x + 2. Let j(y) = 11*k(y) + 4*w(y). What is j(-4)?
22
Let j(l) = -l**2 + 13*l - 11. Suppose 0*y + 3*k + 45 = 4*y, -2*y = -4*k - 20. Let t be j(y). Let u(s) = -14*s**2. What is u(t)?
-14
Let l(a) = -a + 7. Let h = -46 + 25. Let t = 14 + h. Let q = t - -13. What is l(q)?
1
Let r(w) = w**2 - 14*w + 17. Suppose 0 = -6*n - 0*n + 42. Give r(n).
-32
Let g(c) = c**2 + 2*c - 2. Let u be g(-3). Let v(r) = -9. Let p(d) = d - 1. Let n(x) = u*v(x) - 5*p(x). Let i = -65 - -62. Give n(i).
11
Let a(k) = -k**2 - 6*k - 3. Let g be a(-5). Let o(x) = 7*x**2 + 2 + 4*x**g - 7*x + 1 - 10*x**2. Determine o(7).
3
Let j be (2/3)/(22/99). Let f(p) = -417*p**2 + 2*p**3 - 5 - p**j + 425*p**2. Determine f(-8).
-5
Let d(o) = -2*o**2 - 15*o - 19. Let j be d(-8). Let q be (j/(-36))/(0 - (-2)/(-8)). Let c(n) = -n**2 + 3. Calculate c(q).
-6
Let w be 6/(-9)*(-9)/6. Let n(u) = -5*u - w - 12*u - 3*u + 6*u. Determine n(-1).
13
Let d(r) = -r**2 - r + 5. Let g(t) = 5*t + 135. Let i be g(-27). Determine d(i).
5
Let a be -2*(-4 - -2) + 16/(-4). Let n(h) be the second derivative of 1/20*h**5 + 5*h - 1/2*h**2 + a - 1/2*h**4 + 5/6*h**3. Give n(5).
-1
Suppose -3*m + 80 = -2*k + 3*k, 4*m = 4*k + 128. Let n = 29 - m. Suppose 5*y - 14 = n. Let b(t) = t**3 - 4*t**2 - t + 4. Calculate b(y).
-8
Let l(u) = 3*u - 52. Let x be l(16). Let v(w) = w**3 + 4*w**2 + 3*w - 4. What is v(x)?
-16
Suppose -s = -0*s - 2. Suppose -5*r = s*n - 41, -18 - 16 = -2*n + 2*r. Let y be 47/(-9) + 4/n. Let f(g) = g**2 + 5*g + 2. What is f(y)?
2
Suppose 5 = 3*t - 1. Let l = t - -3. Suppose 0*b + 30 = -l*b. Let g(u) = -u**3 - 7*u**2 - 8*u - 6. Calculate g(b).
6
Let a(s) = s**2 + 7*s + 6. Suppose -n + 4 = 2. Let c = 213 + -207. Suppose -c*q = -n*q + 16. Give a(q).
-6
Let r(f) = f**2 + f - 26. Suppose 5*w + 40 = 5*b, 2*b = 5*w - b + 36. Let j be r(w). Let u(y) = y**3 - 5*y**2 + 6*y - 5. What is u(j)?
3
Let u(r) = r - 10. Let y(h) = -h + 14. Let c be y(6). Calculate u(c).
-2
Let v(o) be the third derivative of -o**6/360 + o**5/120 - o**4/24 + 4*o**3/3 + 2*o**2. Let m(f) be the first derivative of v(f). Determine m(2).
-3
Let a(p) = 2*p - 5. Let h(v) = -v**3 + 11*v**2 + 28*v - 31. Let f be h(13). Give a(f).
-15
Let m = 20 - 11. Let j be m/((-9)/6*1). Let r be (j/(-4))/(3/6). Let s(i) = 2*i**2 - 3*i + 1. Calculate s(r).
10
Let h(f) = -f + 4. Let l(w) = -w**3 + 9*w**2 + 10*w - 2. Let n be l(10). Let g be n/(-8) + (-7)/28. Calculate h(g).
4
Let k(l) = 3*l + 35. Let u be k(-13). Let s be 1 + (-16)/4 + (u - -6). Let p(x) = -4*x**2 - x - 1. What is p(s)?
-4
Let v(o) = -3*o + 1. Let h(g) = 3*g - 5. Let i(d) = 2*h(d) + 3*v(d). Give i(-6).
11
Suppose -q + 11 = 49. Let k = q + 39. Let w(o) = 6*o**3 - o**2 + o. Give w(k).
6
Let k(x) = -x + 1. Let n(b) be the first derivative of -b**2/2 + b - 8. Let q be n(-4). Determine k(q).
-4
Let r = -2013 + 2010. Let i(v) = -v**2 - 3*v - 2. Give i(r).
-2
Let c be 34/8 + 3/(-12). Let d(l) be the first derivative of l**2 - 5*l + 138. Give d(c).
3
Let i(a) = -4*a**2 - 3*a + 2. Let c(r) = r**2 + 1. Let s(u) = -3*c(u) - i(u). Calculate s(-5).
5
Let f(w) = -9*w**3 - 11*w**2 + 11*w + 6. Let x(s) = -5*s**3 - 5*s**2 + 5*s + 3. Let p(h) = -4*f(h) + 7*x(h). Let u be -3 + 2 + 1 + -8 + -2. Calculate p(u).
-13
Let v = 4 + 2. Let w = v - 9. Let h(d) = 5*d**3 - 10*d**2 - 5. Let r(n) = 6*n**3 - 11*n**2 - 6. Let c(m) = 7*h(m) - 6*r(m). Give c(w).
-8
Let h(l) = 3*l - 3. Let t(q) = 4*q - 6. Let m(w) = -3*h(w) + 2*t(w). Suppose 3*r - r + 13 = -v, -3*v - 19 = r. Calculate m(r).
1
Suppose 5 = -0*a + a, -28 = 4*m - 4*a. Let l(v) = -6*v**2 - 3*v - 2. Let f(b) = -2*b**2. Let q(k) = 2*f(k) - l(k). What is q(m)?
4
Let a(z) = -z**2 - 8*z - 6. Let w be 2 - ((-12)/(-3) - 180). Suppose -3*i + 61 = w. Let r = 32 + i. Give a(r).
1
Let v(y) = -y**3 - 9*y**2 - 17*y - 16. Let k be v(-7). Let f(h) = h + 12. Determine f(k).
17
Let t be (-4)/(-18) + 1760/(-144). Let k be (-81)/(-12) + (-3)/t. Let p(q) = -q**2 + 7*q - 5. Give p(k).
-5
Let c(h) be the first derivative of -h**3/3 + h**2 - 2*h + 105. Determine c(1).
-1
Let x = -13 - -17. Let d = x - 0. Suppose 7*t - 9 = d*t. Let k(c) = c**2 - 4*c + 1. Calculate k(t).
-2
Let p be (-4)/(-3 + -5)*(-16)/(-1). Let j(y) = 2 - 13*y**2 + 6*y + 5 + p*y**2 + 6*y**2. Determine j(-5).
2
Let b be ((-2)/(-3))/((-10)/(-45)). Let v(t) = -1 + b - 43*t + 45*t. What is v(3)?
8
Suppose 37 = 2*o + 35. Let i(l) = -2*l**3 + 2*l**2 - l - 1. What is i(o)?
-2
Let n(r) = 3*r - 33. Let z be n(11). Suppose -q - y - 7 = z, 1 = -q + 3*y + 2*y. Let j(d) = -d + 6. Calculate j(q).
12
Let l(j) = -j**3 + j**2 - 4*j + 3. Let b = 37 + -51. Let y be (b/12 - -1) + (-611)/(-282). Calculate l(y).
-9
Let x(f) be the third derivative of f**6/120 - f**5/12 + 5*f**3/6 + 2*f**2. Let d(t) = -t**2 - 5*t - 4. Let q be d(-3). Suppose q*b - 9*b = -35. Calculate x(b).
5
Let q(a) be the first derivative of a**3/3 + 7*a**2/2 + a + 31. Let z = 1 + -4. Calculate q(z).
-11
Let g(p) be the second derivative of p**5/60 + 7*p**4/24 - p**3/6 - 3*p**2 + 2*p. Let u(a) be the first derivative of g(a). Let w = -10 + 4. Calculate u(w).
-7
Let d = -56 - -59. Let x(n) = -3*n**2 + 3*n**3 - 2*n**2 + 3 - 4*n**d. Give x(-5).
3
Let l be (-3 + 0)/((180/(-21))/20). Let n(q) = q**3 - 9*q**2 + 11*q - 6. Calculate n(l).
-27
Let b(l) be the first derivative of 0*l + 0*l**3 - 1/2*l**2 + 5 + 9/4*l**4. Calculate b(1).
8
Let w(j) = 4*j - 52. Let i be w(15). Let f(n) = -2*n + 9. What is f(i)?
-7
Suppose 7*k - 3*k - 92 = 0. Let x = k + -31. Let d(o) = -o + 3. Determine d(x).
11
Let z(u) = 3*u + 1. Let c = -96 - -89. Let x be 14/(-49)*c + (1 - -1). Give z(x).
13
Suppose 0 = -4*t + 3*v + 25, 5*t - 5 = 2*v - 7*v. Let r be (t/10)/((-7)/(-105)). Let c(d) = d**2 - 6*d - 8. What is c(r)?
-8
Let l = -3 + -5. Let w be ((-6)/l)/(5/20). Suppose i = -8 + w. Let k(h) = -h**2 - 5*h - 3. Determine k(i).
-3
Let q be 3 + 0 + 0/1. Suppose -6*b + q*b - 3 = 0. Let t(s) = s**2 - 3*s + 1. Let h(w) = -w. Let u(a) = -5*h(a) + t(a). Give u(b).
0
Let q(g) = 4*g**3 + 3*g**2 - 2*g - 3. Let k = 32 + -34. Let w(a) = -4*a**3 - 4*a**2 + 3*a + 4. Let u(b) = k*w(b) - 3*q(b). Determine u(1).
-4
Let q(o) = 11*o. Let p(d) be the second derivative of -7*d**3/2 + 16*d. Let w(m) = 4*p(m) + 7*q(m). Calculate w(2).
-14
Let g(c) = c**2 + 6*c + 8. Let n(y) = -y**2 + 0 + 0 + 1 - 7 + 10*y. Let f be n(10). Give g(f).
8
Let d(t) = -8*t - 10*t + 14*t + 19 - 22 + 2*t**3. What is d(-3)?
-45
Let f = 39 - 31. Suppose -f*i = -7*i + 1. Let c(v) = -2*v**3 - v**2 - v - 1. Give c(i).
1
Suppose 3*y - 6 + 3 = 0. Let n(g) = g + g - 6*g + 3*g + y. Calculate n(-4).
5
Suppose -2*h + 2*z + 8 = 0, -17 = -h + 3*h + 3*z. Let w(v) = 123*v**2 - 2*v + 0 - 1 - 127*v**2. Calculate w(h).
-3
Let x(w) = -w + 15514 + 6*w - 15512. Determine x(-2).
-8
Let r(w) = w - w**2 - 215 - 4*w - 9*w + 225. Calculate r(-9).
37
Suppose 2*k - k = -3. Let m(o) = -3*o - 9. Let h(v) = 2*v + 6. Let z(a) = 8*h(a) + 5*m(a). Calculate z(k).
0
Let w = -42 - -52. Let f(s) = -2 + 2*s**3 + 16*s**2 + w*s**2 - 27*s**2 + s. Give f(2).
12
Let w(q) be the third derivative of q**4/4 + 11*q**3/6 - 2*q**2 + 110. Determine w(-5).
-19
Let c(k) be the second derivative of 2*k**3/3 - 5*k**2/2 - 3